{"id":100,"date":"2023-01-31T22:39:27","date_gmt":"2023-01-31T21:39:27","guid":{"rendered":"https:\/\/saxophonunterricht-lorsch.de\/?page_id=100"},"modified":"2024-07-10T21:51:37","modified_gmt":"2024-07-10T19:51:37","slug":"mein-unterricht","status":"publish","type":"page","link":"https:\/\/saxophonunterricht-lorsch.de\/?page_id=100","title":{"rendered":"Mein Unterricht"},"content":{"rendered":"\n<div class=\"wp-block-columns is-layout-flex wp-container-core-columns-is-layout-9d6595d7 wp-block-columns-is-layout-flex\">\n<div class=\"wp-block-column is-layout-flow wp-block-column-is-layout-flow\" style=\"flex-basis:66.66%\">\n<p>Meine Unterrichtsphilosophie beinhaltet Grundlagen wie Ansatz, Atmung, Sound, Phrasierung, Stilistik, Interpretation und Timing. Dabei richte ich mich nach dem aktuellen Kenntnisstand meiner Sch\u00fclerinnen und Sch\u00fcler. Stilistiken und Unterrichtsschwerpunkte k\u00f6nnen sein:<\/p>\n\n\n\n<ul class=\"wp-block-list\">\n<li>Jazz, Rock-Pop, Klassik<\/li>\n\n\n\n<li>Improvisation<\/li>\n\n\n\n<li>Harmonielehre<\/li>\n\n\n\n<li>Musiktheorie<\/li>\n\n\n\n<li>Vorbereitung auf ein Musikstudium <\/li>\n<\/ul>\n<\/div>\n\n\n\n<div class=\"wp-block-column is-layout-flow wp-block-column-is-layout-flow\" style=\"flex-basis:33.33%\">\n<figure class=\"wp-block-image size-full is-resized\"><img loading=\"lazy\" decoding=\"async\" src=\"https:\/\/saxophonunterricht-lorsch.de\/wp-content\/uploads\/2023\/01\/Unknown.jpeg\" alt=\"\" class=\"wp-image-101\" width=\"222\" height=\"276\"\/><figcaption class=\"wp-element-caption\">Foto: Wolfgang Schwab<\/figcaption><\/figure>\n<\/div>\n<\/div>\n\n\n\n<h3 class=\"wp-block-heading\">An wen richtet sich der Unterricht?<\/h3>\n\n\n\n<p>Der Unterricht ist f\u00fcr Anf\u00e4nger und Fortgeschrittene geeignet.<\/p>\n\n\n\n<ul class=\"wp-block-list\">\n<li>f\u00fcr Kinder und Jugendliche<\/li>\n\n\n\n<li>f\u00fcr Erwachsene<\/li>\n\n\n\n<li>f\u00fcr Wiedereinsteiger<\/li>\n\n\n\n<li>f\u00fcr Musiklehrer an Schulen, um Einblicke in die Jazz und Popularmusik zu vertiefen<\/li>\n\n\n\n<li>f\u00fcr Interessierte die sich auf ein Musikstudium vorbereiten m\u00f6chten<\/li>\n<\/ul>\n\n\n\n<p>Mein Unterricht ist sehr praxisbezogen, d.h. ich lasse meine langj\u00e4hrige Erfahrung als Profimusiker und P\u00e4dagoge zusammenflie\u00dfen. Die Unterrichtseinheiten werden speziell auf das Lerntempo und Interesse der Sch\u00fcler abgestimmt.<\/p>\n\n\n\n<p>Somit ist eine optimale individuelle F\u00f6rderung m\u00f6glich, da der Spa\u00df und das spielen im Vordergrund stehen!<\/p>\n\n\n\n<p>Anfragen k\u00f6nnen Sie direkt unter dem Men\u00fcpunkt Kontakt an mich richten.<\/p>\n","protected":false},"excerpt":{"rendered":"<p>Meine Unterrichtsphilosophie beinhaltet Grundlagen wie Ansatz, Atmung, Sound, Phrasierung, Stilistik, Interpretation und Timing. Dabei richte ich mich nach dem aktuellen Kenntnisstand meiner Sch\u00fclerinnen und Sch\u00fcler. Stilistiken und Unterrichtsschwerpunkte k\u00f6nnen sein: An wen richtet sich der Unterricht? Der Unterricht ist f\u00fcr Anf\u00e4nger und Fortgeschrittene geeignet. Mein Unterricht ist sehr praxisbezogen, d.h. ich lasse meine langj\u00e4hrige Erfahrung [&hellip;]<\/p>\n","protected":false},"author":1,"featured_media":0,"parent":0,"menu_order":30,"comment_status":"closed","ping_status":"closed","template":"","meta":{"footnotes":""},"class_list":["post-100","page","type-page","status-publish","hentry"],"yoast_head":"<!-- This site is optimized with the Yoast SEO plugin v20.7 - https:\/\/yoast.com\/wordpress\/plugins\/seo\/ -->\n<title>Mein Unterricht - %Saxophonunterricht Bensheim Heppenheim<\/title>\n<meta name=\"description\" content=\"%Saxophonunterricht Lorsch Bensheim Heppenheim f\u00fcr Erwachsene und Kinder Jazz Rock Pop Improvisation moderner Unterricht\" \/>\n<meta name=\"robots\" content=\"index, follow, max-snippet:-1, max-image-preview:large, max-video-preview:-1\" \/>\n<link rel=\"canonical\" href=\"https:\/\/saxophonunterricht-lorsch.de\/?page_id=100\" \/>\n<meta property=\"og:locale\" content=\"de_DE\" \/>\n<meta property=\"og:type\" content=\"article\" \/>\n<meta property=\"og:title\" content=\"Mein Unterricht - %Saxophonunterricht Bensheim Heppenheim\" \/>\n<meta property=\"og:description\" content=\"%Saxophonunterricht Lorsch Bensheim Heppenheim f\u00fcr Erwachsene und Kinder Jazz Rock Pop Improvisation moderner Unterricht\" \/>\n<meta property=\"og:url\" content=\"https:\/\/saxophonunterricht-lorsch.de\/?page_id=100\" \/>\n<meta property=\"og:site_name\" content=\"Saxophonunterricht Lorsch\" \/>\n<meta property=\"article:modified_time\" content=\"2024-07-10T19:51:37+00:00\" \/>\n<meta property=\"og:image\" content=\"https:\/\/saxophonunterricht-lorsch.de\/wp-content\/uploads\/2023\/01\/Unknown.jpeg\" \/>\n<meta name=\"twitter:card\" content=\"summary_large_image\" \/>\n<meta name=\"twitter:label1\" content=\"Gesch\u00e4tzte Lesezeit\" \/>\n\t<meta name=\"twitter:data1\" content=\"1\u00a0Minute\" \/>\n<script type=\"application\/ld+json\" class=\"yoast-schema-graph\">{\"@context\":\"https:\/\/schema.org\",\"@graph\":[{\"@type\":\"WebPage\",\"@id\":\"https:\/\/saxophonunterricht-lorsch.de\/?page_id=100\",\"url\":\"https:\/\/saxophonunterricht-lorsch.de\/?page_id=100\",\"name\":\"Mein Unterricht - %Saxophonunterricht Bensheim Heppenheim\",\"isPartOf\":{\"@id\":\"https:\/\/saxophonunterricht-lorsch.de\/#website\"},\"datePublished\":\"2023-01-31T21:39:27+00:00\",\"dateModified\":\"2024-07-10T19:51:37+00:00\",\"description\":\"%Saxophonunterricht Lorsch Bensheim Heppenheim f\u00fcr Erwachsene und Kinder Jazz Rock Pop Improvisation moderner Unterricht\",\"breadcrumb\":{\"@id\":\"https:\/\/saxophonunterricht-lorsch.de\/?page_id=100#breadcrumb\"},\"inLanguage\":\"de\",\"potentialAction\":[{\"@type\":\"ReadAction\",\"target\":[\"https:\/\/saxophonunterricht-lorsch.de\/?page_id=100\"]}]},{\"@type\":\"BreadcrumbList\",\"@id\":\"https:\/\/saxophonunterricht-lorsch.de\/?page_id=100#breadcrumb\",\"itemListElement\":[{\"@type\":\"ListItem\",\"position\":1,\"name\":\"Startseite\",\"item\":\"https:\/\/saxophonunterricht-lorsch.de\/\"},{\"@type\":\"ListItem\",\"position\":2,\"name\":\"Mein Unterricht\"}]},{\"@type\":\"WebSite\",\"@id\":\"https:\/\/saxophonunterricht-lorsch.de\/#website\",\"url\":\"https:\/\/saxophonunterricht-lorsch.de\/\",\"name\":\"Saxophonunterricht Lorsch\",\"description\":\"Qualifizierter Saxophonunterricht in Lorsch, Bensheim, Heppenheim an der Bergstra\u00dfe\",\"publisher\":{\"@id\":\"https:\/\/saxophonunterricht-lorsch.de\/#organization\"},\"potentialAction\":[{\"@type\":\"SearchAction\",\"target\":{\"@type\":\"EntryPoint\",\"urlTemplate\":\"https:\/\/saxophonunterricht-lorsch.de\/?s={search_term_string}\"},\"query-input\":\"required name=search_term_string\"}],\"inLanguage\":\"de\"},{\"@type\":\"Organization\",\"@id\":\"https:\/\/saxophonunterricht-lorsch.de\/#organization\",\"name\":\"Saxophonunterricht Lorsch\",\"alternateName\":\"Instrumentalunterricht\",\"url\":\"https:\/\/saxophonunterricht-lorsch.de\/\",\"logo\":{\"@type\":\"ImageObject\",\"inLanguage\":\"de\",\"@id\":\"https:\/\/saxophonunterricht-lorsch.de\/#\/schema\/logo\/image\/\",\"url\":\"https:\/\/saxophonunterricht-lorsch.de\/wp-content\/uploads\/2023\/01\/Scan-1.jpeg\",\"contentUrl\":\"https:\/\/saxophonunterricht-lorsch.de\/wp-content\/uploads\/2023\/01\/Scan-1.jpeg\",\"width\":960,\"height\":1188,\"caption\":\"Saxophonunterricht Lorsch\"},\"image\":{\"@id\":\"https:\/\/saxophonunterricht-lorsch.de\/#\/schema\/logo\/image\/\"}}]}<\/script>\n<!-- \/ Yoast SEO plugin. -->","yoast_head_json":{"title":"Mein Unterricht - %Saxophonunterricht Bensheim Heppenheim","description":"%Saxophonunterricht Lorsch Bensheim Heppenheim f\u00fcr Erwachsene und Kinder Jazz Rock Pop Improvisation moderner Unterricht","robots":{"index":"index","follow":"follow","max-snippet":"max-snippet:-1","max-image-preview":"max-image-preview:large","max-video-preview":"max-video-preview:-1"},"canonical":"https:\/\/saxophonunterricht-lorsch.de\/?page_id=100","og_locale":"de_DE","og_type":"article","og_title":"Mein Unterricht - %Saxophonunterricht Bensheim Heppenheim","og_description":"%Saxophonunterricht Lorsch Bensheim Heppenheim f\u00fcr Erwachsene und Kinder Jazz Rock Pop Improvisation moderner Unterricht","og_url":"https:\/\/saxophonunterricht-lorsch.de\/?page_id=100","og_site_name":"Saxophonunterricht Lorsch","article_modified_time":"2024-07-10T19:51:37+00:00","og_image":[{"url":"https:\/\/saxophonunterricht-lorsch.de\/wp-content\/uploads\/2023\/01\/Unknown.jpeg"}],"twitter_card":"summary_large_image","twitter_misc":{"Gesch\u00e4tzte Lesezeit":"1\u00a0Minute"},"schema":{"@context":"https:\/\/schema.org","@graph":[{"@type":"WebPage","@id":"https:\/\/saxophonunterricht-lorsch.de\/?page_id=100","url":"https:\/\/saxophonunterricht-lorsch.de\/?page_id=100","name":"Mein Unterricht - %Saxophonunterricht Bensheim Heppenheim","isPartOf":{"@id":"https:\/\/saxophonunterricht-lorsch.de\/#website"},"datePublished":"2023-01-31T21:39:27+00:00","dateModified":"2024-07-10T19:51:37+00:00","description":"%Saxophonunterricht Lorsch Bensheim Heppenheim f\u00fcr Erwachsene und Kinder Jazz Rock Pop Improvisation moderner Unterricht","breadcrumb":{"@id":"https:\/\/saxophonunterricht-lorsch.de\/?page_id=100#breadcrumb"},"inLanguage":"de","potentialAction":[{"@type":"ReadAction","target":["https:\/\/saxophonunterricht-lorsch.de\/?page_id=100"]}]},{"@type":"BreadcrumbList","@id":"https:\/\/saxophonunterricht-lorsch.de\/?page_id=100#breadcrumb","itemListElement":[{"@type":"ListItem","position":1,"name":"Startseite","item":"https:\/\/saxophonunterricht-lorsch.de\/"},{"@type":"ListItem","position":2,"name":"Mein Unterricht"}]},{"@type":"WebSite","@id":"https:\/\/saxophonunterricht-lorsch.de\/#website","url":"https:\/\/saxophonunterricht-lorsch.de\/","name":"Saxophonunterricht Lorsch","description":"Qualifizierter Saxophonunterricht in Lorsch, Bensheim, Heppenheim an der Bergstra\u00dfe","publisher":{"@id":"https:\/\/saxophonunterricht-lorsch.de\/#organization"},"potentialAction":[{"@type":"SearchAction","target":{"@type":"EntryPoint","urlTemplate":"https:\/\/saxophonunterricht-lorsch.de\/?s={search_term_string}"},"query-input":"required name=search_term_string"}],"inLanguage":"de"},{"@type":"Organization","@id":"https:\/\/saxophonunterricht-lorsch.de\/#organization","name":"Saxophonunterricht Lorsch","alternateName":"Instrumentalunterricht","url":"https:\/\/saxophonunterricht-lorsch.de\/","logo":{"@type":"ImageObject","inLanguage":"de","@id":"https:\/\/saxophonunterricht-lorsch.de\/#\/schema\/logo\/image\/","url":"https:\/\/saxophonunterricht-lorsch.de\/wp-content\/uploads\/2023\/01\/Scan-1.jpeg","contentUrl":"https:\/\/saxophonunterricht-lorsch.de\/wp-content\/uploads\/2023\/01\/Scan-1.jpeg","width":960,"height":1188,"caption":"Saxophonunterricht Lorsch"},"image":{"@id":"https:\/\/saxophonunterricht-lorsch.de\/#\/schema\/logo\/image\/"}}]}},"_links":{"self":[{"href":"https:\/\/saxophonunterricht-lorsch.de\/index.php?rest_route=\/wp\/v2\/pages\/100","targetHints":{"allow":["GET"]}}],"collection":[{"href":"https:\/\/saxophonunterricht-lorsch.de\/index.php?rest_route=\/wp\/v2\/pages"}],"about":[{"href":"https:\/\/saxophonunterricht-lorsch.de\/index.php?rest_route=\/wp\/v2\/types\/page"}],"author":[{"embeddable":true,"href":"https:\/\/saxophonunterricht-lorsch.de\/index.php?rest_route=\/wp\/v2\/users\/1"}],"replies":[{"embeddable":true,"href":"https:\/\/saxophonunterricht-lorsch.de\/index.php?rest_route=%2Fwp%2Fv2%2Fcomments&post=100"}],"version-history":[{"count":3,"href":"https:\/\/saxophonunterricht-lorsch.de\/index.php?rest_route=\/wp\/v2\/pages\/100\/revisions"}],"predecessor-version":[{"id":165,"href":"https:\/\/saxophonunterricht-lorsch.de\/index.php?rest_route=\/wp\/v2\/pages\/100\/revisions\/165"}],"wp:attachment":[{"href":"https:\/\/saxophonunterricht-lorsch.de\/index.php?rest_route=%2Fwp%2Fv2%2Fmedia&parent=100"}],"curies":[{"name":"wp","href":"https:\/\/api.w.org\/{rel}","templated":true}]}}